+ 149. Calculate the highest common divisor of 15 and q.
15
Let a(c) = -6*c**3 + 420*c**2 + 10*c - 37. Let b be a(70). Calculate the greatest common factor of 195 and b.
39
Let y(f) = -8*f**3 - 32*f**2 - 21*f - 12. Let n be y(-8). Calculate the highest common divisor of n and 532.
76
Let p(k) = -2*k**2 + 15*k - 4. Let q be p(5). Let j = 22 - q. Let m be 14 + -1 + -1 + 3 + j. What is the highest common factor of m and 176?
16
Suppose -449 = -5*o + 2*b + 791, -o + b + 251 = 0. Let n = o + -210. Calculate the greatest common divisor of n and 48.
12
Let k be (-15)/5*(-40)/(-15). Let v be 1/(52/k) + 9890/65. What is the highest common factor of 19 and v?
19
Suppose 13*h + 8805 = 69125. What is the greatest common divisor of 320 and h?
160
Let x be (-2 - 32/(-14)) + (-960)/(-70). Let m(l) = 36*l + 1661. Let y be m(-37). Calculate the highest common factor of y and x.
7
Let v be (((-2600)/(-6) + -4)*3)/(22/77). What is the greatest common factor of 276 and v?
92
Suppose -5*b = -5*h + 500, 0 = -3*h + 4*b + 81 + 217. Suppose 2*p - 12 = h. What is the greatest common divisor of 6 and p?
3
Suppose -9 = 8*p - 1. Let l be ((-36)/(-48))/(p/(-20)). Suppose 3*d - 2*t - 89 = 132, 0 = 5*t - 10. Calculate the greatest common divisor of d and l.
15
Suppose 157 = 2*w - 91. Let g(b) be the first derivative of 7*b**2 + 3*b + 23. Let q be g(2). Calculate the highest common divisor of q and w.
31
Suppose 5*h - 16 = 2*f + h, -5*f - h - 40 = 0. Let w = 36 + f. Suppose 204 = 31*c - w*c. Calculate the highest common divisor of c and 17.
17
Suppose 5*d = 0, -w + 8 + 95 = d. Let m = -85 + w. Calculate the greatest common divisor of 18 and m.
18
Let r(n) = -n**3 + 163*n**2 - 409*n - 496. Let k be r(160). Calculate the greatest common factor of k and 336.
112
Let v = 24 - 20. Let d = 12564 - 12478. What is the highest common factor of v and d?
2
Let m be 6 + 0 + (-1354 + -23 + 14)*-16. Calculate the greatest common factor of m and 26.
26
Let w = -19744 - -20395. What is the highest common divisor of w and 2511?
93
Suppose s - 3 = -a, 0 = 3*a - 5*s - 61 + 12. Let k(f) = 8*f - 44. Let j be k(a). What is the highest common divisor of 15 and j?
5
Let c be 63*17/(153/30). Let t = c - 192. Calculate the highest common factor of 54 and t.
18
Let p(c) = 29*c + 1. Let q be p(1). Suppose 9*j - 1480 = -51*j - 14*j. What is the highest common divisor of q and j?
10
Let l(p) = p**2 - 13*p - 3. Let g be l(14). Let t(s) = -10*s + 49. Let a be t(9). Let d = a + 96. What is the highest common factor of g and d?
11
Let h(y) = y**3 - 10*y**2 + 10*y + 55. Let d be h(8). Suppose f = -d*f + 176. Calculate the highest common factor of 66 and f.
22
Suppose 71*r - 123 - 1013 = 0. Let v be (-145)/(-2) + (-4)/8. Calculate the greatest common factor of v and r.
8
Let l be (-747)/2*(-60)/(-45). Let f be (-24)/(1 + l/486). What is the highest common factor of f and 18?
18
Let k(s) = 2*s**3 - 12*s**2 - 17*s + 147. Let h be k(3). Let q(p) = 64*p**2 - 1. Let m be q(1). What is the greatest common divisor of h and m?
21
Let o = -171 + 215. Let v(h) = -h**3 + 7*h**2 - h - 1. Let l be v(7). Let w be l/48 + 265/6. Calculate the highest common divisor of w and o.
44
Let l(t) = 3*t**2 - 60*t. Let z(m) = -m - 1. Let v(j) = -l(j) + 15*z(j). Let w be v(15). Let u = w - -29. What is the greatest common factor of 84 and u?
14
Let y = -1 + 37. Let k be ((-10)/(-1))/(2/y). Let a = -563 + 583. Calculate the greatest common factor of a and k.
20
Suppose 454 = 5*i + 3*v, -4*v - 367 - 66 = -5*i. Let y be ((-9)/(-6))/(-1)*30 + 0. Let w = i + y. What is the greatest common factor of w and 11?
11
Let u = 65 - 229. Let o = 8 - u. Calculate the greatest common divisor of 43 and o.
43
Let z be (2/3)/((-2)/(-3)). Suppose 6*w - 44 = -26, -3*q + 5*w = 12. Calculate the greatest common factor of q and z.
1
Let t be (-225)/27 + 1 + (-5)/3. Let q = -31 - t. Let l = 46 + q. What is the highest common factor of 6 and l?
6
Let b(p) be the third derivative of 11*p**4/12 + 257*p**3/3 + 555*p**2. Let t be b(-22). Let l be (40 - 0/2)*1. What is the highest common factor of t and l?
10
Suppose -61 - 44 = -5*a - 15. Calculate the greatest common factor of 192 and a.
6
Suppose -3*m + 4*s = -86, 8*m = 10*m + s - 72. Let v = 29 + -16. Suppose 0*b - v = b - 3*l, l = 5. Calculate the highest common factor of m and b.
2
Suppose -10800 = -27*d + 11*d. Suppose -27*n + 135 = -d. Let m = 62 + -32. Calculate the highest common divisor of m and n.
30
Let s be 471*(-171)/27 + 5*-1. Let m be ((s/(-54))/((-2)/12))/(-2). Calculate the highest common factor of m and 415.
83
Let d = 25 - 10. Let q = -125973 - -126078. Calculate the greatest common factor of d and q.
15
Suppose -351*o + 353*o - 4*l - 96 = 0, 2*o + 91 = -7*l. Let s(h) = -27*h**3 + 2*h**2 + h. Let f be s(-1). Calculate the greatest common divisor of f and o.
14
Suppose 47121 + 16649 = -35*k. Let b = 1839 + k. Suppose -413 = -5*c - 73. What is the highest common divisor of c and b?
17
Let s(k) = 8*k**2 + k + 1. Let r be s(3). Suppose -40*o = -54 - 26. Suppose o = -0*f + f, -2*n - 5*f = -238. What is the highest common factor of r and n?
38
Let v = 946 - 618. Let c = -81 + v. Calculate the greatest common factor of 38 and c.
19
Let b be (376/48 - 0) + 3/18. Let q(n) = 5*n + 20. Let r be q(-10). Let t = 34 - r. What is the highest common factor of b and t?
8
Suppose 0 = -4*y - 4*r + 616, -y + r + 314 = y. Let b = 69 - 216. Let n = b - -186. What is the highest common factor of n and y?
39
Let f = 67291 - 67269. Suppose -2*h = 2*h - 440. What is the greatest common factor of f and h?
22
Let q(n) = 8*n + 87. Let s be q(-11). Let j be (-13)/((-5 + s)/150). What is the greatest common divisor of 26 and j?
13
Suppose -5 = -d, d = -2*q + 3*d + 1316. Let m be (-273*(-9)/63*-2)/(-2). Calculate the greatest common divisor of q and m.
39
Suppose 10*d = 8*d + 142. Let h be -2 + (d - 3) + -1. Suppose 5*v - 200 = -h. What is the greatest common divisor of v and 3?
3
Suppose 3*g + 5*r = 20, r - 3*r = 5*g - 8. Suppose g*i = -7*i + 1036. Suppose 90 = 2*t + 16. Calculate the highest common divisor of i and t.
37
Suppose 0 = -4*i + 3*l + 146, 0 = -773*i + 771*i + l + 70. Calculate the highest common divisor of i and 164.
4
Suppose 8 = 4*v + 4*v. Let c be (-2 + v)/((8/(-4))/652). Let i = c + -207. Calculate the greatest common factor of 17 and i.
17
Let f be (-2)/14 - (-33 - (-1872248)/(-392)). What is the highest common factor of f and 84?
21
Let h = 555 + -899. Let y = h - -393. What is the greatest common factor of y and 28?
7
Suppose 0 = -208*m + 199*m + 7425. What is the greatest common factor of 99 and m?
33
Let k(o) = o**3 - 50*o**2 + 418*o - 69. Let m be k(41). What is the greatest common factor of 60 and m?
20
Let m(i) = 27*i - 82. Let p be m(9). Suppose 2*w + 166 = b, 13*b - w = 12*b + p. Calculate the greatest common factor of b and 36.
12
Suppose 0 = -3*t + 631 - 367. Let u be (0 + (-1)/(-3))*12. Suppose -3*s = -3*p + 33, 2*s - u*s + 2 = p. What is the highest common factor of t and p?
8
Suppose 42*l = 5345 + 6793. Let h = l + -202. Calculate the highest common divisor of h and 232.
29
Let f = 10 + -13. Let g be (-4)/12*(438 + 3)/f. What is the greatest common factor of g and 21?
7
Let f be 1/(1416/(-471) - -3). Let w = f + 447. Calculate the greatest common divisor of 10 and w.
10
Suppose 6*t + 35 - 29 = 0. Let y be (-5005)/26 + ((-2)/4)/t. Let w be y*(3/(-9) - 0). What is the greatest common divisor of 8 and w?
8
Let o(g) be the third derivative of -5*g**4/6 - 3*g**3 + 11*g**2. Let p be o(-8). Suppose -146 - p = -6*j. Calculate the greatest common divisor of 16 and j.
16
Let b = 27 - 22. Let s(x) = -x**3 - 9*x**2 + 11*x + 12. Let c be s(-10). Suppose 0 = -v - b, l - 15 = c*l + 4*v. What is the greatest common factor of 15 and l?
5
Let z = 7 + -5. Let x = -249 - -231. Let o = 22 + x. What is the highest common divisor of o and z?
2
Let h(v) = 114 + 137 + 9*v - 274. Let o be h(7). Calculate the greatest common divisor of o and 160.
40
Suppose -3*n + 96 = n. Let f(b) = -3*b + 2 + 718*b**2 - 712*b**2 - 3. Let i be f(-1). Calculate the highest common factor of n and i.
8
Suppose -5*s + 5*o + 7240 = 0, -5*s + 4*o + 7387 = 151. Calculate the highest common divisor of s and 380.
76
Let f(v) = 1281*v + 1259*v -